8
What is the highest common factor of 12803 and 17947741?
413
Calculate the highest common divisor of 23743817 and 1553.
1553
Calculate the highest common factor of 42 and 41501866.
14
What is the highest common factor of 54682 and 17724163?
1439
Calculate the highest common factor of 2608 and 2801648.
16
Calculate the highest common factor of 40 and 4413524.
4
What is the greatest common factor of 32 and 21196400?
16
Calculate the highest common factor of 74170824 and 2184.
2184
Calculate the highest common factor of 39401 and 90446.
41
What is the highest common divisor of 23575020 and 210?
210
Calculate the greatest common divisor of 1658713 and 203.
203
Calculate the greatest common divisor of 460405 and 130.
5
Calculate the greatest common divisor of 217206828 and 438.
438
Calculate the highest common divisor of 8003434 and 436.
218
Calculate the highest common divisor of 1575 and 14480760.
105
Calculate the greatest common factor of 41259362 and 422.
422
Calculate the highest common factor of 603 and 51945093.
9
Calculate the greatest common factor of 1111567 and 291617.
713
What is the greatest common divisor of 2964 and 932724?
156
Calculate the highest common divisor of 648552 and 625738.
122
Calculate the highest common factor of 136 and 8168568.
136
What is the highest common factor of 294002739 and 129?
129
What is the greatest common factor of 2810538816 and 192?
192
What is the greatest common factor of 5224585 and 808635?
5735
What is the highest common factor of 3328 and 9490?
26
What is the highest common divisor of 3618 and 4639482?
1206
What is the greatest common divisor of 2187 and 173706849?
2187
Calculate the highest common divisor of 3727735 and 145.
5
What is the highest common factor of 35445339 and 279?
9
What is the greatest common factor of 2763060 and 960?
60
Calculate the highest common factor of 460 and 84022220.
460
Calculate the highest common divisor of 10602 and 612461637.
5301
What is the greatest common factor of 1456611 and 37234080?
8619
What is the greatest common divisor of 60858 and 2142?
126
What is the greatest common factor of 7088 and 126652?
4
Calculate the greatest common factor of 219 and 143724006.
219
What is the highest common divisor of 18537 and 2710287?
111
What is the highest common factor of 281392 and 14276?
172
What is the highest common factor of 47462540 and 30125?
1205
Calculate the greatest common factor of 652363 and 1475.
59
Calculate the highest common factor of 10 and 100158820.
10
Calculate the highest common factor of 63 and 22656879.
63
What is the highest common factor of 560 and 345040710?
70
What is the greatest common divisor of 225 and 165873?
3
Calculate the highest common divisor of 3853262 and 274.
274
Calculate the highest common factor of 317573 and 10341408.
1399
Calculate the greatest common divisor of 14280 and 37584120.
840
Calculate the greatest common divisor of 2446037 and 121.
11
Calculate the greatest common divisor of 83674 and 10737343.
2461
What is the highest common factor of 1490753 and 28792?
59
What is the highest common divisor of 2562133454 and 2194?
2194
What is the greatest common divisor of 1215 and 76710?
15
Calculate the greatest common divisor of 178901 and 190588.
899
Calculate the highest common factor of 240 and 80220.
60
What is the greatest common divisor of 3368943 and 63801?
1251
Calculate the greatest common factor of 22785 and 11726925.
735
Calculate the highest common factor of 536 and 90821582.
134
Calculate the highest common divisor of 2448 and 266592.
48
Calculate the highest common divisor of 528274609 and 19805.
3961
What is the highest common factor of 32 and 4499296?
32
Calculate the greatest common divisor of 31331 and 207043.
323
What is the highest common factor of 15524992 and 224?
224
What is the greatest common divisor of 60412458 and 33082?
4726
What is the greatest common factor of 22701823 and 1558?
41
Calculate the highest common divisor of 299854 and 12454.
958
What is the greatest common divisor of 120960 and 61676370?
1890
What is the highest common divisor of 272 and 2805884?
68
Calculate the highest common divisor of 20627361 and 18.
9
What is the greatest common divisor of 1722 and 22307198?
82
What is the greatest common divisor of 107292970 and 818?
818
What is the highest common factor of 19842052 and 3514?
502
Calculate the highest common divisor of 8892 and 1343224.
76
What is the highest common factor of 83268 and 405036?
36
What is the highest common divisor of 4481067 and 13503?
1929
Calculate the highest common divisor of 78723 and 1710.
9
Calculate the highest common factor of 85186440 and 170.
10
Calculate the highest common divisor of 824 and 4063556.
412
What is the highest common divisor of 83588198 and 1563?
521
What is the highest common divisor of 63 and 44016?
21
Calculate the highest common divisor of 49197585 and 2319.
2319
What is the greatest common factor of 652858 and 125686?
394
What is the greatest common factor of 10551675 and 9?
3
Calculate the greatest common divisor of 1366260 and 83580.
420
Calculate the greatest common factor of 38 and 1263452.
2
What is the greatest common factor of 17894 and 24150?
46
What is the highest common factor of 17640 and 304164?
252
What is the highest common divisor of 228 and 8015148?
12
What is the greatest common divisor of 750876 and 157071?
3831
What is the highest common divisor of 2011250 and 3343502?
3218
What is the highest common divisor of 8717 and 736?
23
Calculate the highest common divisor of 29154 and 3729.
339
What is the greatest common divisor of 217128 and 365034?
498
Calculate the highest common factor of 9504 and 1027125792.
9504
Calculate the greatest common divisor of 1639062 and 11176.
254
Calculate the highest common divisor of 2790 and 6052905.
1395
What is the highest common divisor of 4147 and 98428?
11
What is the greatest common divisor of 703752 and 670950?
2982
What is the highest common factor of 1190463558 and 8191?
8191
Calculate the highest common divisor of 12054 and 8108898.
1722
What is the highest common factor of 26708718 and 3?
3
What is the greatest common divisor of 667 and 3079424?
23
Calculate the highest common factor of 4114 and 681956.
242
Calculate the highest common factor of 1395146 and 561044.
622
What is the highest common factor of 67 and 2616427787?
67
What is the highest common factor of 8384608 and 2242?
118
Calculate the greatest common factor of 467827 and 1.
1
What is the greatest common factor of 2484953 and 437?
19
Calculate the highest common divisor of 1684 and 7093850.
842
Calculate the highest common divisor of 229422660 and 60.
60
What is the greatest common divisor of 21169300 and 520?
20
What is the greatest common divisor of 2842 and 105809081?
1421
What is the highest common divisor of 21348520 and 100?
20
What is the greatest common divisor of 945000 and 364392?
1512
Calculate the greatest common factor of 3233674346 and 9758.
9758
Calculate the greatest common factor of 160 and 28450570.
10
What is the highest common factor of 170 and 7482108?
34
Calculate the greatest common divisor of 909200 and 1300.
100
Calculate the greatest common divisor of 1248155 and 126795.
535
Calculate the greatest common divisor of 18496 and 125490736.
4624
What is the greatest common factor of 99184 and 113008?
16
Calculate the highest common factor of 62683092 and 12908.
1844
What is the highest common factor of 1214 and 41028951?
607
Calculate the highest common factor of 40941847 and 178033.
5743
Calculate the highest common divisor of 28900 and 8392900.
1700
Calculate the greatest common divisor of 15876 and 301938.
294
Calculate the greatest common divisor of 1932 and 61758956.
644
What is the greatest common factor of 2273627 and 166709?
3547
What is the highest common divisor of 231 and 36804009?
33
What is the greatest common divisor of 11602224 and 50451?
753
What is the greatest common divisor of 448 and 230767432?
56
What is the greatest common divisor of 13256 and 1010296?
8
Calculate the highest common divisor of 65714 and 21373.
319
Calculate the greatest common divisor of 113142 and 4547262.
654
Calculate the greatest common divisor of 3358848 and 48.
48
What is the highes